








{"id":23,"date":"2020-11-24T10:46:48","date_gmt":"2020-11-24T10:46:48","guid":{"rendered":"https:\/\/aharaspa.com\/?p=23"},"modified":"2026-04-07T23:31:27","modified_gmt":"2026-04-08T02:31:27","slug":"landing-page","status":"publish","type":"page","link":"https:\/\/aharaspa.com\/?page_id=23","title":{"rendered":"BKUP_Landing Page"},"content":{"rendered":"<p><img decoding=\"async\" src=\"\/wp-content\/uploads\/2025\/04\/Logo-Blanco.svg\" alt=\"\"><\/p>\n<h1>Transforma tu vocaci\u00f3n en una profesi\u00f3n de sanaci\u00f3n integral.<\/h1>\n<div>Formaci\u00f3n Profesional en Masaje Hol\u00edstico Ayurv\u00e9dico. Aprende la metodolog\u00eda de Ahara Spa para equilibrar cuerpo, mente y esp\u00edritu.<\/div>\n<div>\n<p>Desde 2014, compartimos una ense\u00f1anza profunda basada en Ayurveda para que descubras una forma de sanar y acompa\u00f1ar desde el equilibrio. Nuestra formaci\u00f3n intensiva te brinda las herramientas necesarias para convertirte en un terapeuta hol\u00edstico con salida laboral.<\/p>\n<\/div>\n<p>\n    <a href=\"#form\">Postularme para la Beca de Impulso<\/a>\n<\/p>\n<h1>Mentores<\/h1>\n<div>\n<p>Guiado por Terapeunta Ayurveda Maximiliano Caimi, Director de Ahara Spa. <br \/>Un camino desde la t\u00e9cnica hasta la maestr\u00eda terap\u00e9utica.<\/p>\n<\/div>\n<ul>\n<li>\n<p>        <img decoding=\"async\" src=\"\/wp-content\/uploads\/2025\/04\/maximilianocaimi.jpg\" alt=\"\"><\/p>\n<h3>Maximiliano Caimi<\/h3>\n<div>\n<p>Director de Ahara Spa<\/p>\n<\/div>\n<\/li>\n<li>\n<p>        <img decoding=\"async\" src=\"\/wp-content\/uploads\/2026\/04\/CAROLINA-2-scaled.jpg\" alt=\"\"><\/p>\n<h3>Carolina Cachiafeiro<\/h3>\n<div>\n<p>Terapeuta hol\u00edstica<\/p>\n<\/div>\n<\/li>\n<li>\n<p>        <img decoding=\"async\" src=\"\/wp-content\/uploads\/2026\/04\/CHIARA1000117794-scaled.jpg\" alt=\"\"><\/p>\n<h3>Chiara del Bene<\/h3>\n<div>\n<p>Doctora. en Medicina<\/p>\n<\/div>\n<\/li>\n<li>\n<p>        <img decoding=\"async\" src=\"\/wp-content\/uploads\/2026\/04\/GIANNI-2026-04-04-at-16.47.00.jpeg\" alt=\"\"><\/p>\n<h3>Gianni Pe\u00f1a<\/h3>\n<div>\n<p>Mag\u00edster en Danza<\/p>\n<\/div>\n<\/li>\n<\/ul>\n<h1>Pilares de la Formaci\u00f3n<\/h1>\n<ul>\n<li>\n<p>        <img decoding=\"async\" src=\"\/wp-content\/uploads\/2025\/04\/image_2025-04-04_155451611.png\" alt=\"\"><\/p>\n<h3>Est\u00e1ndar Profesional:<\/h3>\n<div>\n<p>Formaci\u00f3n con la experiencia real de un Spa de \u00e9xito.<\/p>\n<\/div>\n<\/li>\n<li>\n<p>        <img decoding=\"async\" src=\"\/wp-content\/uploads\/2025\/04\/image_2025-04-04_155555852.png\" alt=\"\"><\/p>\n<h3>Sabidur\u00eda Ancestral:<\/h3>\n<div>\n<p> Medicina de la India adaptada al mundo moderno.<\/p>\n<\/div>\n<\/li>\n<li>\n<p>        <img decoding=\"async\" src=\"\/wp-content\/uploads\/2025\/04\/image_2025-04-04_155845517.png\" alt=\"\"><\/p>\n<h3>Certificaci\u00f3n de Ahara Spa<\/h3>\n<div>\n<p>Un sello de calidad para tu carrera profesional.<\/p>\n<\/div>\n<\/li>\n<\/ul>\n<p>\n    <a href=\"#form\">Descargar programa de la formaci\u00f3n<\/a>\n<\/p>\n<h2>Aprender a sanar a otros es, ante todo, un camino de Autoconocimiento. <\/p>\n<\/h2>\n<div>Nos vemos en la entrevista para iniciar este viaje junt@s.<\/div>\n<h2>Aprende las t\u00e9cnicas ancestrales del Ayurveda.<\/h2>\n<div>\n<p>El masaje hol\u00edstico ayurv\u00e9dico es m\u00e1s que una t\u00e9cnica: es un arte de sanaci\u00f3n y transformaci\u00f3n. Da el primer paso hacia una formaci\u00f3n que te permitir\u00e1 acompa\u00f1ar a otros en su bienestar, mientras creces en tu propio proceso.<\/p>\n<\/div>\n<div>\n<div class=\"frm_forms  with_frm_style frm_style_formidable-style\" id=\"frm_form_1_container\" >\n<form enctype=\"multipart\/form-data\" method=\"post\" class=\"frm-show-form \" id=\"form_contact-landing\" >\n<div class=\"frm_form_fields \">\n<fieldset>\n<legend class=\"frm_screen_reader\">Contacto Landing Page<\/legend>\r\n\r\n<div class=\"frm_fields_container\">\n<input type=\"hidden\" name=\"frm_action\" value=\"create\" \/>\n<input type=\"hidden\" name=\"form_id\" value=\"1\" \/>\n<input type=\"hidden\" name=\"frm_hide_fields_1\" id=\"frm_hide_fields_1\" value=\"\" \/>\n<input type=\"hidden\" name=\"form_key\" value=\"contact-landing\" \/>\n<input type=\"hidden\" name=\"item_meta[0]\" value=\"\" \/>\n<input type=\"hidden\" id=\"frm_submit_entry_1\" name=\"frm_submit_entry_1\" value=\"66bd641463\" \/><input type=\"hidden\" name=\"_wp_http_referer\" value=\"\/index.php?rest_route=%2Fwp%2Fv2%2Fpages%2F23\" \/><div id=\"frm_field_1_container\" class=\"frm_form_field form-field  frm_required_field frm_none_container frm12 frm_first\">\r\n\t<label for=\"field_qh4icy\" id=\"field_qh4icy_label\" class=\"frm_primary_label\">\r\n\t\t<span class=\"frm_required\" aria-hidden=\"true\">*<\/span>\r\n\t<\/label>\r\n\t<input type=\"text\" id=\"field_qh4icy\" name=\"item_meta[1]\" value=\"\"  placeholder=\"Nombre\" data-reqmsg=\"Es necesario el Este campo para continuar\" aria-required=\"true\" data-invmsg=\"Este campo is invalid\" aria-invalid=\"false\"  \/>\r\n\t\r\n\t\r\n<\/div>\n<div id=\"frm_field_3_container\" class=\"frm_form_field form-field  frm_required_field frm_none_container frm_full\">\r\n\t<label for=\"field_29yf4d\" id=\"field_29yf4d_label\" class=\"frm_primary_label\">\r\n\t\t<span class=\"frm_required\" aria-hidden=\"true\">*<\/span>\r\n\t<\/label>\r\n\t<input type=\"email\" id=\"field_29yf4d\" name=\"item_meta[3]\" value=\"\"  placeholder=\"Email\" data-reqmsg=\"Es necesario el Este campo para continuar\" aria-required=\"true\" data-invmsg=\"Formato incorrecto\" aria-invalid=\"false\"  \/>\r\n\t\r\n\t\r\n<\/div>\n<div id=\"frm_field_7_container\" class=\"frm_form_field form-field  frm_required_field frm_none_container frm_full\">\r\n\t<label for=\"field_riq8\" id=\"field_riq8_label\" class=\"frm_primary_label\">\r\n\t\t<span class=\"frm_required\" aria-hidden=\"true\">*<\/span>\r\n\t<\/label>\r\n\t<input type=\"tel\" id=\"field_riq8\" name=\"item_meta[7]\" value=\"\"  placeholder=\"Tel\u00e9fono\" data-reqmsg=\"Es necesario el Este campo para continuar\" aria-required=\"true\" data-invmsg=\"Formato incorrecto\" aria-invalid=\"false\" pattern=\"((\\+\\d{1,3}(-|.| )?\\(?\\d\\)?(-| |.)?\\d{1,5})|(\\(?\\d{2,6}\\)?))(-|.| )?(\\d{3,4})(-|.| )?(\\d{4})(( x| ext)\\d{1,5}){0,1}$\"  \/>\r\n\t\r\n\t\r\n<\/div>\n<div id=\"frm_field_6_container\" class=\"frm_form_field form-field \">\r\n\t<div class=\"frm_submit frm_flex\">\r\n<button class=\"el-content uk-button uk-button-primary\" type=\"submit\"  >Solicitar m\u00e1s informaci\u00f3n<\/button>\r\n\r\n\r\n\r\n<\/div>\r\n<\/div>\n\t<input type=\"hidden\" name=\"item_key\" value=\"\" \/>\n\t\t\t\t<div class=\"frm__67e341be24f32\">\n\t\t\t\t<label for=\"frm_email_1\" >\n\t\t\t\t\tSi eres humano, deja este campo en blanco.\t\t\t\t<\/label>\n\t\t\t\t<input  id=\"frm_email_1\" type=\"text\" class=\"frm_verify\" name=\"frm__67e341be24f32\" value=\"\" autocomplete=\"off\"  \/>\n\t\t\t<\/div>\n\t\t<\/div>\n<\/fieldset>\n<\/div>\n\n<\/form>\n<\/div>\n<\/div>\n<p><!--more--><br \/>\n<!-- {\"type\":\"layout\",\"children\":[{\"type\":\"section\",\"props\":{\"style\":\"default\",\"width\":\"default\",\"vertical_align\":\"\",\"title_position\":\"top-left\",\"title_rotation\":\"left\",\"title_breakpoint\":\"xl\",\"image_position\":\"center-center\",\"height\":\"percent\",\"image\":\"wp-content\\\/uploads\\\/2025\\\/03\\\/hero_image.jpg\",\"header_transparent\":\"light\",\"image_size\":\"cover\",\"image_width\":\"2560\",\"css\":\"@media (max-width: 959px){\\n    \\n    .el-section > div {\\n        min-height: 450px !important;\\n    }\\n\\n}\\n\\n@media (max-width: 639px){\\n    \\n    .el-section > div {\\n        min-height: 240px !important;\\n    }\\n\\n}\",\"animation\":\"fade\",\"overlap\":true,\"padding\":\"none\",\"padding_remove_top\":false},\"children\":[{\"type\":\"row\",\"children\":[{\"type\":\"column\",\"props\":{\"position_sticky_breakpoint\":\"m\",\"image_position\":\"center-center\",\"media_overlay_gradient\":\"\",\"width_medium\":\"1-4\",\"width_default\":\"1-2\"},\"children\":[{\"type\":\"image\",\"props\":{\"margin\":\"default\",\"image_svg_color\":\"emphasis\",\"image\":\"wp-content\\\/uploads\\\/2025\\\/04\\\/Logo-Blanco.svg\",\"image_width\":\"120\"}}]},{\"type\":\"column\",\"props\":{\"position_sticky_breakpoint\":\"m\",\"image_position\":\"center-center\",\"media_overlay_gradient\":\"\",\"width_medium\":\"3-4\",\"vertical_align\":\"middle\",\"width_default\":\"1-2\"},\"children\":[]}],\"props\":{\"layout\":\"1-4,3-4\",\"row_gap\":\"large\",\"column_gap\":\"collapse\"}},{\"type\":\"row\",\"children\":[{\"type\":\"column\",\"props\":{\"image_position\":\"center-center\",\"media_overlay_gradient\":\"\",\"vertical_align\":\"middle\",\"text_color\":\"light\",\"position_sticky_breakpoint\":\"m\",\"width_medium\":\"3-5\"},\"children\":[{\"type\":\"headline\",\"props\":{\"title_element\":\"h1\",\"title_style\":\"heading-medium\",\"text_align\":\"left\",\"content\":\"Transforma tu vocaci\\u00f3n en una profesi\\u00f3n de sanaci\\u00f3n integral.\",\"margin\":\"small\"}},{\"type\":\"text\",\"props\":{\"margin\":\"default\",\"column_breakpoint\":\"m\",\"text_style\":\"meta\",\"text_color\":\"emphasis\",\"content\":\"Formaci\\u00f3n Profesional en Masaje Hol\\u00edstico Ayurv\\u00e9dico. Aprende la metodolog\\u00eda de Ahara Spa para equilibrar cuerpo, mente y esp\\u00edritu.\"}},{\"type\":\"text\",\"props\":{\"margin\":\"default\",\"column_breakpoint\":\"m\",\"content\":\"\n\n<p>Desde 2014, compartimos una ense\\u00f1anza profunda basada en Ayurveda para que descubras una forma de sanar y acompa\\u00f1ar desde el equilibrio. Nuestra formaci\\u00f3n intensiva te brinda las herramientas necesarias para convertirte en un terapeuta hol\\u00edstico con salida laboral.<\\\/p>\",\"text_color\":\"emphasis\"}},{\"type\":\"button\",\"props\":{\"grid_column_gap\":\"small\",\"grid_row_gap\":\"small\",\"margin\":\"small\",\"margin_remove_top\":false,\"css\":\".el-content{\\nbackground:#67B514;\\n    color:white;\\n}\\n\\n.el-content:hover{\\nbackground:#D48D00;\\n    color:white;\\n}\"},\"children\":[{\"type\":\"button_item\",\"props\":{\"button_style\":\"primary\",\"icon_align\":\"left\",\"content\":\"Postularme para la Beca de Impulso\",\"link\":\"#form\"}}]}]},{\"type\":\"column\",\"props\":{\"position_sticky_breakpoint\":\"m\",\"image_position\":\"center-center\",\"media_overlay_gradient\":\"\",\"width_medium\":\"2-5\",\"vertical_align\":\"middle\"},\"children\":[]}],\"props\":{\"layout\":\"3-5,2-5\",\"row_gap\":\"large\",\"margin\":\"large\"}}],\"name\":\"Hero\"},{\"type\":\"section\",\"props\":{\"style\":\"default\",\"width\":\"large\",\"vertical_align\":\"middle\",\"title_position\":\"top-left\",\"title_rotation\":\"left\",\"title_breakpoint\":\"xl\",\"image_position\":\"center-center\",\"padding\":\"large\",\"padding_remove_bottom\":false,\"animation\":\"fade\"},\"children\":[{\"type\":\"row\",\"props\":{\"column_gap\":\"large\"},\"children\":[{\"type\":\"column\",\"props\":{\"image_position\":\"center-center\",\"media_overlay_gradient\":\"\",\"width_medium\":\"\",\"position_sticky_breakpoint\":\"m\"},\"children\":[{\"type\":\"headline\",\"props\":{\"title_element\":\"h1\",\"content\":\"Mentores\",\"margin\":\"default\",\"text_align\":\"center\",\"text_align_breakpoint\":\"s\",\"text_align_fallback\":\"center\"}},{\"type\":\"text\",\"props\":{\"margin\":\"default\",\"column_breakpoint\":\"m\",\"content\":\"\n\n<p>Guiado por Terapeunta Ayurveda Maximiliano Caimi, Director de Ahara Spa. <br \\\/>Un camino desde la t\\u00e9cnica hasta la maestr\\u00eda terap\\u00e9utica.<\\\/p>\",\"text_align\":\"center\"}},{\"type\":\"grid\",\"props\":{\"show_title\":true,\"show_meta\":true,\"show_content\":true,\"show_image\":true,\"show_link\":true,\"grid_default\":\"1\",\"grid_medium\":\"\",\"filter_style\":\"tab\",\"filter_all\":true,\"filter_position\":\"top\",\"filter_align\":\"left\",\"filter_grid_width\":\"auto\",\"filter_grid_breakpoint\":\"m\",\"title_hover_style\":\"reset\",\"title_element\":\"h3\",\"title_align\":\"top\",\"title_grid_width\":\"1-2\",\"title_grid_breakpoint\":\"m\",\"meta_style\":\"meta\",\"meta_align\":\"below-title\",\"meta_element\":\"div\",\"content_column_breakpoint\":\"m\",\"icon_width\":80,\"image_align\":\"top\",\"image_grid_width\":\"1-2\",\"image_grid_breakpoint\":\"m\",\"image_svg_color\":\"emphasis\",\"link_text\":\"Read more\",\"link_style\":\"default\",\"margin\":\"large\",\"item_animation\":true,\"grid_divider\":false,\"image_border\":\"circle\",\"image_width\":\"190\",\"image_height\":\"190\",\"grid_column_align\":true,\"grid_row_align\":false,\"content_column\":\"\",\"grid_masonry\":false,\"grid_parallax\":\"0\",\"title_style\":\"h5\",\"title_link\":false,\"text_align\":\"center\",\"grid_column_gap\":\"medium\",\"content_style\":\"meta\",\"grid_small\":\"4\"},\"children\":[{\"type\":\"grid_item\",\"props\":{\"title\":\"Maximiliano Caimi\",\"content\":\"\n\n<p>Director de Ahara Spa<\\\/p>\",\"image\":\"wp-content\\\/uploads\\\/2025\\\/04\\\/maximilianocaimi.jpg\"}},{\"type\":\"grid_item\",\"props\":{\"title\":\"Carolina Cachiafeiro\",\"content\":\"\n\n<p>Terapeuta hol\\u00edstica<\\\/p>\",\"image\":\"wp-content\\\/uploads\\\/2026\\\/04\\\/CAROLINA-2-scaled.jpg\"}},{\"type\":\"grid_item\",\"props\":{\"title\":\"Chiara del Bene\",\"content\":\"\n\n<p>Doctora. en Medicina<\\\/p>\",\"image\":\"wp-content\\\/uploads\\\/2026\\\/04\\\/CHIARA1000117794-scaled.jpg\"}},{\"type\":\"grid_item\",\"props\":{\"title\":\"Gianni Pe\\u00f1a\",\"content\":\"\n\n<p>Mag\\u00edster en Danza<\\\/p>\",\"image\":\"wp-content\\\/uploads\\\/2026\\\/04\\\/GIANNI-2026-04-04-at-16.47.00.jpeg\"}}]}]}]}],\"name\":\"Short Description\"},{\"type\":\"section\",\"props\":{\"style\":\"default\",\"width\":\"large\",\"vertical_align\":\"middle\",\"title_position\":\"top-left\",\"title_rotation\":\"left\",\"title_breakpoint\":\"xl\",\"image_position\":\"center-center\",\"image\":\"\",\"css\":\".el-section{\\n    text-align:center;\\n    \\n}\\n\\n\\n.uk-background-center-center {\\n    background-position: 50% 40%;\\n}\\n@media screen and (max-width: 640px) {\\n   .uk-background-norepeat.uk-background-top-center.uk-section.uk-section-large {\\n        background-image: none !important;\\n    }\\n}\",\"image_parallax_bgy_start\":\"-80\",\"image_parallax_bgy_end\":\"50\",\"animation\":\"fade\",\"animation_delay\":\"15\",\"padding_remove_horizontal\":false,\"overlap\":false,\"padding_remove_top\":true,\"padding_remove_bottom\":false,\"image_width\":\"320\"},\"children\":[{\"type\":\"row\",\"props\":{\"width\":\"xlarge\",\"margin_remove_top\":true},\"children\":[{\"type\":\"column\",\"props\":{\"position_sticky_breakpoint\":\"m\",\"image_position\":\"center-center\",\"media_overlay_gradient\":\"\",\"vertical_align\":\"middle\"},\"children\":[{\"type\":\"headline\",\"props\":{\"title_element\":\"h1\",\"content\":\"Pilares de la Formaci\\u00f3n\",\"margin\":\"default\",\"text_align\":\"center\",\"text_align_breakpoint\":\"s\",\"text_align_fallback\":\"center\"}},{\"type\":\"grid\",\"props\":{\"show_title\":true,\"show_meta\":true,\"show_content\":true,\"show_image\":true,\"show_link\":true,\"grid_default\":\"1\",\"grid_medium\":\"\",\"filter_style\":\"tab\",\"filter_all\":true,\"filter_position\":\"top\",\"filter_align\":\"left\",\"filter_grid_width\":\"auto\",\"filter_grid_breakpoint\":\"m\",\"title_hover_style\":\"reset\",\"title_element\":\"h3\",\"title_align\":\"top\",\"title_grid_width\":\"1-2\",\"title_grid_breakpoint\":\"m\",\"meta_style\":\"meta\",\"meta_align\":\"below-title\",\"meta_element\":\"div\",\"content_column_breakpoint\":\"m\",\"icon_width\":80,\"image_align\":\"top\",\"image_grid_width\":\"1-2\",\"image_grid_breakpoint\":\"m\",\"image_svg_color\":\"emphasis\",\"link_text\":\"Read more\",\"link_style\":\"default\",\"margin\":\"large\",\"item_animation\":true,\"grid_divider\":false,\"image_border\":\"circle\",\"image_width\":\"190\",\"image_height\":\"190\",\"grid_column_align\":true,\"grid_row_align\":false,\"content_column\":\"\",\"grid_masonry\":false,\"grid_parallax\":\"0\",\"title_style\":\"h5\",\"title_link\":false,\"text_align\":\"center\",\"grid_column_gap\":\"medium\",\"content_style\":\"meta\",\"grid_small\":\"3\"},\"children\":[{\"type\":\"grid_item\",\"props\":{\"title\":\"Est\\u00e1ndar Profesional:\",\"content\":\"\n\n<p>Formaci\\u00f3n con la experiencia real de un Spa de \\u00e9xito.<\\\/p>\",\"image\":\"wp-content\\\/uploads\\\/2025\\\/04\\\/image_2025-04-04_155451611.png\"}},{\"type\":\"grid_item\",\"props\":{\"title\":\"Sabidur\\u00eda Ancestral:\",\"content\":\"\n\n<p> Medicina de la India adaptada al mundo moderno.<\\\/p>\",\"image\":\"wp-content\\\/uploads\\\/2025\\\/04\\\/image_2025-04-04_155555852.png\"}},{\"type\":\"grid_item\",\"props\":{\"title\":\"Certificaci\\u00f3n de Ahara Spa\",\"content\":\"\n\n<p>Un sello de calidad para tu carrera profesional.<\\\/p>\",\"image\":\"wp-content\\\/uploads\\\/2025\\\/04\\\/image_2025-04-04_155845517.png\"}}]},{\"type\":\"button\",\"props\":{\"grid_column_gap\":\"small\",\"grid_row_gap\":\"small\",\"margin\":\"default\",\"fullwidth\":false,\"text_align_breakpoint\":\"l\",\"button_size\":\"large\",\"text_align\":\"center\"},\"children\":[{\"type\":\"button_item\",\"props\":{\"button_style\":\"secondary\",\"icon_align\":\"left\",\"content\":\"Descargar programa de la formaci\\u00f3n\",\"link\":\"#form\",\"icon\":\"file-pdf\"}}]}]}]}],\"name\":\"Mentores\"},{\"type\":\"section\",\"props\":{\"style\":\"muted\",\"width\":\"default\",\"vertical_align\":\"middle\",\"title_position\":\"top-left\",\"title_rotation\":\"left\",\"title_breakpoint\":\"xl\",\"image_position\":\"center-center\",\"image\":\"wp-content\\\/uploads\\\/2025\\\/03\\\/Testimonials.jpg\",\"padding\":\"xlarge\",\"padding_remove_bottom\":false},\"children\":[{\"type\":\"row\",\"props\":{\"width\":\"large\"},\"children\":[{\"type\":\"column\",\"props\":{\"position_sticky_breakpoint\":\"m\",\"image_position\":\"center-center\",\"media_overlay_gradient\":\"\",\"vertical_align\":\"middle\",\"css\":\".el-column{max-width:900px; margin:0 auto;}\"},\"children\":[{\"type\":\"headline\",\"props\":{\"title_element\":\"h2\",\"title_color\":\"muted\",\"content\":\"Aprender a sanar a otros es, ante todo, un camino de Autoconocimiento. \\n\\n\",\"text_align\":\"center\"}},{\"type\":\"text\",\"props\":{\"margin\":\"xlarge\",\"column_breakpoint\":\"m\",\"text_color\":\"muted\",\"text_align\":\"center\",\"content\":\"Nos vemos en la entrevista para iniciar este viaje junt@s.\",\"text_size\":\"large\",\"margin_remove_top\":true}}]}]}],\"name\":\"Testimonials\"},{\"type\":\"section\",\"props\":{\"style\":\"default\",\"width\":\"\",\"vertical_align\":\"middle\",\"title_position\":\"top-left\",\"title_rotation\":\"left\",\"title_breakpoint\":\"xl\",\"image_position\":\"center-center\",\"padding_remove_top\":true,\"padding\":\"none\"},\"children\":[{\"type\":\"row\",\"props\":{\"layout\":\"1-2,1-2\",\"margin_remove_top\":false,\"width\":\"xlarge\",\"padding_remove_horizontal\":true},\"children\":[{\"type\":\"column\",\"props\":{\"position_sticky_breakpoint\":\"m\",\"image_position\":\"center-center\",\"media_overlay_gradient\":\"\",\"width_medium\":\"1-2\",\"vertical_align\":\"middle\",\"css\":\".el-column{padding: 125px !important; }\\n\\n\\n@media screen and (max-width:960px){\\n    .el-column{padding: 55px !important; }\\n}\"},\"children\":[{\"type\":\"headline\",\"props\":{\"title_element\":\"h2\",\"content\":\"Aprende las t\\u00e9cnicas ancestrales del Ayurveda.\",\"margin_remove_top\":false,\"title_style\":\"h3\",\"maxwidth\":\"large\",\"text_align\":\"left\"}},{\"type\":\"text\",\"props\":{\"margin\":\"\",\"column_breakpoint\":\"m\",\"content\":\"\n\n<p>El masaje hol\\u00edstico ayurv\\u00e9dico es m\\u00e1s que una t\\u00e9cnica: es un arte de sanaci\\u00f3n y transformaci\\u00f3n. Da el primer paso hacia una formaci\\u00f3n que te permitir\\u00e1 acompa\\u00f1ar a otros en su bienestar, mientras creces en tu propio proceso.<\\\/p>\",\"maxwidth\":\"2xlarge\",\"text_align\":\"left\"}}]},{\"type\":\"column\",\"props\":{\"position_sticky_breakpoint\":\"m\",\"image_position\":\"center-center\",\"media_overlay_gradient\":\"\",\"width_medium\":\"1-2\",\"vertical_align\":\"middle\",\"style\":\"secondary\"},\"children\":[{\"type\":\"html\",\"props\":{\"content\":\"[formidable id=1]\",\"css\":\".el-element input{\\n    border: 0 none;\\n    background: #ececec;\\n    color: #464646;\\n}\\n\\n\\n.uk-button {\\n    margin: 0;\\n    border: none;\\n    overflow: visible;\\n    font: inherit;\\n    color: inherit;\\n    -webkit-appearance: none;\\n    border-radius: 0;\\n    display: inline-block;\\n    box-sizing: border-box;\\n    padding: 0 26px;\\n    vertical-align: middle;\\n    font-size: 18px;\\n    line-height: 38px;\\n    text-align: center;\\n    text-decoration: none;\\n    transition: .3s ease-in-out;\\n    transition-property: color,background-color,background-position,background-size,border-color,box-shadow;\\n    font-family: 'Atkinson Hyperlegible';\\n    font-weight: 500;\\n    text-transform: none;\\n    letter-spacing: .5px;\\n    border-radius: 500px;\\n    box-shadow:none;\\n}\\n\\n.uk-button:not(:disabled) {\\n    cursor: pointer\\n}\\n\\n.uk-button::-moz-focus-inner {\\n    border: 0;\\n    padding: 0\\n}\\n\\n.uk-button:hover {\\n    text-decoration: none\\n}\\n\\n.uk-button-default {\\n    background-color: transparent;\\n    color: #d48d00;\\n    border: 1px solid #d48d00\\n}\\n\\n.uk-button-default:hover {\\n    background-color: #d48d00;\\n    color: #fff;\\n    border-color: transparent\\n}\\n\\n.uk-button-default.uk-active,.uk-button-default:active {\\n    background-color: #d48d00;\\n    color: #fff;\\n    border-color: transparent\\n}\\n\\n.uk-button-primary {\\n    background-color: #d48d00;\\n    color: #fff;\\n    border: 1px solid transparent\\n}\\n\\n.uk-button-primary:hover {\\n    background-color: #67b514;\\n    color: #fff;\\n    border-color: transparent\\n}\\n\\n.uk-button-primary.uk-active,.uk-button-primary:active {\\n    background-color: #885a00;\\n    color: #fff;\\n    border-color: transparent\\n}\\n\\n.uk-button-secondary {\\n    background-color: #00ae7f;\\n    color: #fff;\\n    border: 1px solid #fff\\n}\\n\\n.uk-button-secondary:hover {\\n    background-color: #d48d00;\\n    color: #fff;\\n    border-color: #d48d00\\n}\\n\\n.uk-button-secondary.uk-active,.uk-button-secondary:active {\\n    background-color: #d48d00;\\n    color: #fff;\\n    border-color: transparent\\n}\\n\\n.uk-button-danger {\\n    background-color: #863d64;\\n    color: #fff;\\n    border: 1px solid transparent\\n}\\n\\n.uk-button-danger:hover {\\n    background-color: #863d64;\\n    color: #fff;\\n    border-color: transparent\\n}\\n\\n.uk-button-danger.uk-active,.uk-button-danger:active {\\n    background-color: #911456;\\n    color: #fff;\\n    border-color: transparent\\n}\\n\\n.uk-button-danger:disabled,.uk-button-default:disabled,.uk-button-primary:disabled,.uk-button-secondary:disabled {\\n    background-color: #f8f8f8;\\n    color: #999;\\n    border: 1px solid transparent;\\n    background-image: none;\\n    box-shadow: none\\n}\\n\\n.uk-button-small {\\n    padding: 0 15px;\\n    line-height: 32px;\\n    font-size: 13px\\n}\\n\\n.uk-button-large {\\n    padding: 0 40px;\\n    line-height: 48px;\\n    font-size: 17px\\n}\\n\\n.uk-button-text {\\n    padding: 0;\\n    line-height: 1.75;\\n    background: 0 0;\\n    color: #321d13;\\n    position: relative;\\n    padding-left: 28px;\\n    border-radius: 0\\n}\\n\\n.uk-button-text::before {\\n    content: \\\"\\\";\\n    position: absolute;\\n    top: calc(50% - 1px);\\n    left: 0;\\n    width: 20px;\\n    border-bottom: 2px solid #d48d00\\n}\\n\\n.uk-button-text:hover {\\n    color: #d48d00\\n}\\n\\n.uk-button-text:hover::before {\\n    border-bottom-color: #d48d00\\n}\\n\\n.uk-button-text:disabled {\\n    color: #999\\n}\\n\\n.uk-button-link {\\n    padding: 0;\\n    line-height: 1.75;\\n    background: 0 0;\\n    color: #d48d00\\n}\\n\\n.uk-button-link:hover {\\n    color: #321d13;\\n    text-decoration: none\\n}\\n\\n.uk-button-link:disabled {\\n    color: #999;\\n    text-decoration: none\\n}\\n\\n.uk-button-group {\\n    display: inline-flex;\\n    vertical-align: middle;\\n    position: relative\\n}\\n\\n.uk-button-group>.uk-button:nth-child(n+2),.uk-button-group>div:nth-child(n+2) .uk-button {\\n    margin-left: -1px\\n}\\n\\n.uk-button-group .uk-button.uk-active,.uk-button-group .uk-button:active,.uk-button-group .uk-button:focus,.uk-button-group .uk-button:hover {\\n    position: relative;\\n    z-index: 1\\n}\\n\\n.uk-button-group>.uk-button:not(:first-child):not(:last-child),.uk-button-group>div:not(:first-child):not(:last-child) .uk-button {\\n    border-radius: 0\\n}\\n\\n.uk-button-group>.uk-button:first-child,.uk-button-group>div:first-child .uk-button {\\n    border-top-right-radius: 0;\\n    border-bottom-right-radius: 0\\n}\\n\\n.uk-button-group>.uk-button:last-child,.uk-button-group>div:last-child .uk-button {\\n    border-top-left-radius: 0;\\n    border-bottom-left-radius: 0\\n}\\n}\\n\\n.el-element button:hover {\\n    background-color: #67B514;\\n    color: #fff;\\n    border-color: transparent;\\n}\\n\\n\\n\"}}]}]}]},{\"type\":\"section\",\"props\":{\"style\":\"default\",\"width\":\"default\",\"vertical_align\":\"middle\",\"title_position\":\"top-left\",\"title_rotation\":\"left\",\"title_breakpoint\":\"xl\",\"image_position\":\"center-center\"},\"children\":[{\"type\":\"row\",\"children\":[{\"type\":\"column\",\"props\":{\"position_sticky_breakpoint\":\"m\",\"image_position\":\"center-center\",\"media_overlay_gradient\":\"\"},\"children\":[]}]}]}],\"version\":\"2.7.22\"} --><\/p>\n","protected":false},"excerpt":{"rendered":"<p>Transforma tu vocaci\u00f3n en una profesi\u00f3n de sanaci\u00f3n integral. Formaci\u00f3n Profesional en Masaje Hol\u00edstico Ayurv\u00e9dico. Aprende la metodolog\u00eda de Ahara Spa para equilibrar cuerpo, mente y esp\u00edritu. Desde 2014, compartimos una ense\u00f1anza profunda basada en Ayurveda para que descubras una forma de sanar y acompa\u00f1ar desde el equilibrio. Nuestra formaci\u00f3n intensiva te brinda las herramientas [&hellip;]<\/p>\n","protected":false},"author":1,"featured_media":0,"parent":0,"menu_order":7,"comment_status":"open","ping_status":"closed","template":"","meta":{"_acf_changed":false,"footnotes":""},"class_list":["post-23","page","type-page","status-publish","hentry"],"acf":[],"_links":{"self":[{"href":"https:\/\/aharaspa.com\/index.php?rest_route=\/wp\/v2\/pages\/23","targetHints":{"allow":["GET"]}}],"collection":[{"href":"https:\/\/aharaspa.com\/index.php?rest_route=\/wp\/v2\/pages"}],"about":[{"href":"https:\/\/aharaspa.com\/index.php?rest_route=\/wp\/v2\/types\/page"}],"author":[{"embeddable":true,"href":"https:\/\/aharaspa.com\/index.php?rest_route=\/wp\/v2\/users\/1"}],"replies":[{"embeddable":true,"href":"https:\/\/aharaspa.com\/index.php?rest_route=%2Fwp%2Fv2%2Fcomments&post=23"}],"version-history":[{"count":159,"href":"https:\/\/aharaspa.com\/index.php?rest_route=\/wp\/v2\/pages\/23\/revisions"}],"predecessor-version":[{"id":3826,"href":"https:\/\/aharaspa.com\/index.php?rest_route=\/wp\/v2\/pages\/23\/revisions\/3826"}],"wp:attachment":[{"href":"https:\/\/aharaspa.com\/index.php?rest_route=%2Fwp%2Fv2%2Fmedia&parent=23"}],"curies":[{"name":"wp","href":"https:\/\/api.w.org\/{rel}","templated":true}]}}