








{"id":1602,"date":"2025-03-15T21:26:15","date_gmt":"2025-03-16T00:26:15","guid":{"rendered":"https:\/\/aharaspa.com\/?post_type=product&#038;p=1602"},"modified":"2026-01-03T13:59:00","modified_gmt":"2026-01-03T16:59:00","slug":"masaje-relajante-aromaterapia","status":"publish","type":"product","link":"https:\/\/aharaspa.com\/?product=masaje-relajante-aromaterapia","title":{"rendered":"Masaje Relajante Aromaterapia"},"content":{"rendered":"<p>Este masaje, inspirado en el Ayurveda de la India, comienza con la elecci\u00f3n de una mezcla de aceites esenciales puros creada para responder a tus necesidades emocionales y f\u00edsicas del momento. Estos aceites tibios se deslizan sobre tu piel a trav\u00e9s de maniobras suaves y fluidas que recorren tu cuerpo.<\/p>\n<p>Cada movimiento est\u00e1 pensado no solo para nutrir tu piel y reducir las tensiones musculares, sino tambi\u00e9n para aquietar el ruido mental. A medida que el estr\u00e9s se desvanece, se abre un espacio para la relajaci\u00f3n profunda, un estado meditativo que te devuelve a tu centro y facilita esa valiosa escucha interior.<\/p>\n<p>Beneficios del masaje:<\/p>\n<ul>\n<li>Induce un estado profundo de relajaci\u00f3n y armon\u00eda<\/li>\n<li>Nutre y revitaliza la piel y los tejidos<\/li>\n<li>Ayuda a liberar tensiones y equilibrar la energ\u00eda<\/li>\n<li>Facilita la conexi\u00f3n con el Ser interior<\/li>\n<\/ul>\n<p>Se sugiere este masaje para Vata y Pitta Dosha.<\/p>\n<p>Dej\u00e1 que la sabidur\u00eda del Ayurveda y el poder de los aceites tibios te envuelvan en un momento de bienestar total.<\/p>\n<p>Reserv\u00e1 tu sesi\u00f3n y regalate una experiencia \u00fanica.<\/p>\n","protected":false},"excerpt":{"rendered":"<p>Disfrut\u00e1 de un masaje de aceites tibios con una sinergia de aromaterapia elegida especialmente para vos, que te llevar\u00e1 a un estado de relajaci\u00f3n profunda. Con maniobras suaves y fluidas, este masaje tipo Abhyanga nutre la piel, libera tensiones y facilita la escucha interior.<\/p>\n","protected":false},"featured_media":3175,"template":"","meta":{"_acf_changed":false},"product_brand":[],"product_cat":[78,76],"product_tag":[74,75],"class_list":{"0":"post-1602","1":"product","2":"type-product","3":"status-publish","4":"has-post-thumbnail","6":"product_cat-ayurveda","7":"product_cat-masajes","8":"product_tag-cuerpo-completo","9":"product_tag-localizado","11":"first","12":"instock","13":"shipping-taxable","14":"purchasable","15":"product-type-variable"},"acf":[],"_links":{"self":[{"href":"https:\/\/aharaspa.com\/index.php?rest_route=\/wp\/v2\/product\/1602","targetHints":{"allow":["GET"]}}],"collection":[{"href":"https:\/\/aharaspa.com\/index.php?rest_route=\/wp\/v2\/product"}],"about":[{"href":"https:\/\/aharaspa.com\/index.php?rest_route=\/wp\/v2\/types\/product"}],"wp:featuredmedia":[{"embeddable":true,"href":"https:\/\/aharaspa.com\/index.php?rest_route=\/wp\/v2\/media\/3175"}],"wp:attachment":[{"href":"https:\/\/aharaspa.com\/index.php?rest_route=%2Fwp%2Fv2%2Fmedia&parent=1602"}],"wp:term":[{"taxonomy":"product_brand","embeddable":true,"href":"https:\/\/aharaspa.com\/index.php?rest_route=%2Fwp%2Fv2%2Fproduct_brand&post=1602"},{"taxonomy":"product_cat","embeddable":true,"href":"https:\/\/aharaspa.com\/index.php?rest_route=%2Fwp%2Fv2%2Fproduct_cat&post=1602"},{"taxonomy":"product_tag","embeddable":true,"href":"https:\/\/aharaspa.com\/index.php?rest_route=%2Fwp%2Fv2%2Fproduct_tag&post=1602"}],"curies":[{"name":"wp","href":"https:\/\/api.w.org\/{rel}","templated":true}]}}