








{"id":1612,"date":"2025-03-15T22:42:35","date_gmt":"2025-03-16T01:42:35","guid":{"rendered":"https:\/\/aharaspa.com\/?post_type=product&#038;p=1612"},"modified":"2025-10-07T19:33:52","modified_gmt":"2025-10-07T22:33:52","slug":"masaje-volcanico","status":"publish","type":"product","link":"https:\/\/aharaspa.com\/?product=masaje-volcanico","title":{"rendered":"Masaje Volc\u00e1nico"},"content":{"rendered":"<p>Para los amantes del calor, este masaje combina el poder terap\u00e9utico de los aceites naturales y la aromaterapia con la energ\u00eda de las piedras volc\u00e1nicas calientes. M\u00e1s que un masaje, es un viaje ancestral que te invita a soltar tensiones cr\u00f3nicas y contracturas musculares.<\/p>\n<p>El calor profundo de las piedras penetra en tu ser, aliviando reumatismos y dolores, mientras te conecta con la energ\u00eda sanadora de la Tierra. Este ritual de bienestar promueve la restauraci\u00f3n de tu energ\u00eda vital y un equilibrio integral.<\/p>\n<p>Es la forma ideal de soltar el estr\u00e9s, nutrir tu cuerpo y restaurar tu energ\u00eda, liberando cada fibra de tu ser para sentir una paz y una relajaci\u00f3n duraderas.<\/p>\n<p>Beneficios del tratamiento:<\/p>\n<ul>\n<li>Relajaci\u00f3n muscular profunda y alivio de tensiones<\/li>\n<li>Activaci\u00f3n de la circulaci\u00f3n sangu\u00ednea y linf\u00e1tica<\/li>\n<li>Eliminaci\u00f3n de toxinas y revitalizaci\u00f3n del organismo<\/li>\n<li>Equilibrio energ\u00e9tico y reducci\u00f3n del estr\u00e9s<\/li>\n<\/ul>\n<p>Se sugiere este masaje para Vata y Kapha Dosha, no recomendable para desequilibrios Pitta<\/p>\n<p>Sumergite en una experiencia sensorial que conecta tu cuerpo con la energ\u00eda sanadora de la tierra.<\/p>\n<p>Se<\/p>\n","protected":false},"excerpt":{"rendered":"<p>El calor de las piedras volc\u00e1nicas es el protagonista de este masaje \u00fanico, dise\u00f1ado para aliviar tensiones profundas.<br \/>\nCombinado con aceites naturales y aromaterapia, este tratamiento libera contracturas, mejora la circulaci\u00f3n y restaura el equilibrio energ\u00e9tico, todo mientras te sumerg\u00eds en una experiencia profundamente relajante.<\/p>\n","protected":false},"featured_media":3174,"template":"","meta":{"_acf_changed":false},"product_brand":[],"product_cat":[76],"product_tag":[74],"class_list":{"0":"post-1612","1":"product","2":"type-product","3":"status-publish","4":"has-post-thumbnail","6":"product_cat-masajes","7":"product_tag-cuerpo-completo","9":"first","10":"instock","11":"virtual","12":"purchasable","13":"product-type-simple"},"acf":[],"_links":{"self":[{"href":"https:\/\/aharaspa.com\/index.php?rest_route=\/wp\/v2\/product\/1612","targetHints":{"allow":["GET"]}}],"collection":[{"href":"https:\/\/aharaspa.com\/index.php?rest_route=\/wp\/v2\/product"}],"about":[{"href":"https:\/\/aharaspa.com\/index.php?rest_route=\/wp\/v2\/types\/product"}],"wp:featuredmedia":[{"embeddable":true,"href":"https:\/\/aharaspa.com\/index.php?rest_route=\/wp\/v2\/media\/3174"}],"wp:attachment":[{"href":"https:\/\/aharaspa.com\/index.php?rest_route=%2Fwp%2Fv2%2Fmedia&parent=1612"}],"wp:term":[{"taxonomy":"product_brand","embeddable":true,"href":"https:\/\/aharaspa.com\/index.php?rest_route=%2Fwp%2Fv2%2Fproduct_brand&post=1612"},{"taxonomy":"product_cat","embeddable":true,"href":"https:\/\/aharaspa.com\/index.php?rest_route=%2Fwp%2Fv2%2Fproduct_cat&post=1612"},{"taxonomy":"product_tag","embeddable":true,"href":"https:\/\/aharaspa.com\/index.php?rest_route=%2Fwp%2Fv2%2Fproduct_tag&post=1612"}],"curies":[{"name":"wp","href":"https:\/\/api.w.org\/{rel}","templated":true}]}}