








{"id":1645,"date":"2025-03-16T14:15:57","date_gmt":"2025-03-16T17:15:57","guid":{"rendered":"https:\/\/aharaspa.com\/?post_type=product&#038;p=1645"},"modified":"2026-01-02T16:07:58","modified_gmt":"2026-01-02T19:07:58","slug":"masaje-refloxologia-podal","status":"publish","type":"product","link":"https:\/\/aharaspa.com\/?product=masaje-refloxologia-podal","title":{"rendered":"Refloxolog\u00eda Podal"},"content":{"rendered":"<p>La Reflexolog\u00eda Podal es una t\u00e9cnica ancestral que trabaja sobre los puntos reflejos de los pies, estimulando el equilibrio natural del cuerpo y la armonizaci\u00f3n de la energ\u00eda vital. A trav\u00e9s de presiones espec\u00edficas y aceites herbales, este masaje libera tensiones, mejora la circulaci\u00f3n y favorece el funcionamiento de los \u00f3rganos internos.<\/p>\n<p>Beneficios de la reflexolog\u00eda podal:<\/p>\n<ul>\n<li>Estimulaci\u00f3n de \u00f3rganos y sistemas internos<\/li>\n<li>Mejora de la circulaci\u00f3n y eliminaci\u00f3n de toxinas<\/li>\n<li>Alivio del estr\u00e9s y sensaci\u00f3n de relajaci\u00f3n profunda<\/li>\n<li>Equilibrio energ\u00e9tico y bienestar general<\/li>\n<li>Reducci\u00f3n de la fatiga y mejora del descanso<\/li>\n<\/ul>\n<p>Ideal para quienes buscan armonizar cuerpo y mente desde la ra\u00edz, esta terapia es una experiencia revitalizante para todos los organos de tu cuerpo. Dej\u00e1 que cada presi\u00f3n en tus pies sea un paso hacia tu bienestar.<\/p>\n","protected":false},"excerpt":{"rendered":"<p>Equilibr\u00e1 tu energ\u00eda y relaj\u00e1 todo tu cuerpo con la Reflexolog\u00eda Podal. Mediante presiones precisas en los puntos reflejos de los pies, esta terapia estimula \u00f3rganos vitales, alivia tensiones y brinda una profunda sensaci\u00f3n de bienestar.<\/p>\n","protected":false},"featured_media":3280,"template":"","meta":{"_acf_changed":false},"product_brand":[],"product_cat":[76],"product_tag":[],"class_list":{"0":"post-1645","1":"product","2":"type-product","3":"status-publish","4":"has-post-thumbnail","6":"product_cat-masajes","8":"first","9":"instock","10":"shipping-taxable","11":"purchasable","12":"product-type-variable"},"acf":[],"_links":{"self":[{"href":"https:\/\/aharaspa.com\/index.php?rest_route=\/wp\/v2\/product\/1645","targetHints":{"allow":["GET"]}}],"collection":[{"href":"https:\/\/aharaspa.com\/index.php?rest_route=\/wp\/v2\/product"}],"about":[{"href":"https:\/\/aharaspa.com\/index.php?rest_route=\/wp\/v2\/types\/product"}],"wp:featuredmedia":[{"embeddable":true,"href":"https:\/\/aharaspa.com\/index.php?rest_route=\/wp\/v2\/media\/3280"}],"wp:attachment":[{"href":"https:\/\/aharaspa.com\/index.php?rest_route=%2Fwp%2Fv2%2Fmedia&parent=1645"}],"wp:term":[{"taxonomy":"product_brand","embeddable":true,"href":"https:\/\/aharaspa.com\/index.php?rest_route=%2Fwp%2Fv2%2Fproduct_brand&post=1645"},{"taxonomy":"product_cat","embeddable":true,"href":"https:\/\/aharaspa.com\/index.php?rest_route=%2Fwp%2Fv2%2Fproduct_cat&post=1645"},{"taxonomy":"product_tag","embeddable":true,"href":"https:\/\/aharaspa.com\/index.php?rest_route=%2Fwp%2Fv2%2Fproduct_tag&post=1645"}],"curies":[{"name":"wp","href":"https:\/\/api.w.org\/{rel}","templated":true}]}}