








{"id":1658,"date":"2025-03-16T18:22:58","date_gmt":"2025-03-16T21:22:58","guid":{"rendered":"https:\/\/aharaspa.com\/?post_type=product&#038;p=1658"},"modified":"2025-11-09T16:03:14","modified_gmt":"2025-11-09T19:03:14","slug":"sesion-de-reiki","status":"publish","type":"product","link":"https:\/\/aharaspa.com\/?product=sesion-de-reiki","title":{"rendered":"Sesi\u00f3n de Reiki"},"content":{"rendered":"<p>El Reiki es una terapia ancestral que utiliza la imposici\u00f3n de manos para canalizar la Energ\u00eda Universal, logrando una profunda armonizaci\u00f3n de cuerpo, mente y esp\u00edritu.<\/p>\n<p>Durante la sesi\u00f3n, la energ\u00eda fluye suavemente para liberar los bloqueos emocionales y f\u00edsicos acumulados en los chakras, devolvi\u00e9ndote una sensaci\u00f3n de profunda calma, equilibrio y renovaci\u00f3n interior. Es el momento perfecto para conectar contigo, soltar el estr\u00e9s y recuperar tu vitalidad.<\/p>\n<p>Beneficios de una sesi\u00f3n de Reiki:<\/p>\n<ul>\n<li>Armonizaci\u00f3n de la energ\u00eda vital y equilibrio emocional<\/li>\n<li>Reducci\u00f3n del estr\u00e9s, la ansiedad y las tensiones acumuladas<\/li>\n<li>Mejora del descanso y la sensaci\u00f3n de bienestar general<\/li>\n<li>Liberaci\u00f3n de bloqueos energeticosli&gt;<\/li>\n<li>Reconeccion esp\u00edritual<\/li>\n<\/ul>\n<p>Ideal para quienes buscan calma, claridad y un mayor bienestar, el Reiki es una experiencia de sanaci\u00f3n profunda que trasciende lo f\u00edsico. Permitite soltar, conectar y vibrar en equilibrio.<\/p>\n","protected":false},"excerpt":{"rendered":"<p>Conect\u00e1 con tu energ\u00eda y alcanz\u00e1 un estado de paz profunda con una Sesi\u00f3n de Reiki. A trav\u00e9s de la imposici\u00f3n de manos, esta t\u00e9cnica milenaria armoniza tu cuerpo, mente y esp\u00edritu, desbloqueando emociones y restaurando tu bienestar.<\/p>\n","protected":false},"featured_media":3284,"template":"","meta":{"_acf_changed":false},"product_brand":[],"product_cat":[77],"product_tag":[],"class_list":{"0":"post-1658","1":"product","2":"type-product","3":"status-publish","4":"has-post-thumbnail","6":"product_cat-terapias-holisticas","8":"first","9":"instock","10":"shipping-taxable","11":"purchasable","12":"product-type-variable"},"acf":[],"_links":{"self":[{"href":"https:\/\/aharaspa.com\/index.php?rest_route=\/wp\/v2\/product\/1658","targetHints":{"allow":["GET"]}}],"collection":[{"href":"https:\/\/aharaspa.com\/index.php?rest_route=\/wp\/v2\/product"}],"about":[{"href":"https:\/\/aharaspa.com\/index.php?rest_route=\/wp\/v2\/types\/product"}],"wp:featuredmedia":[{"embeddable":true,"href":"https:\/\/aharaspa.com\/index.php?rest_route=\/wp\/v2\/media\/3284"}],"wp:attachment":[{"href":"https:\/\/aharaspa.com\/index.php?rest_route=%2Fwp%2Fv2%2Fmedia&parent=1658"}],"wp:term":[{"taxonomy":"product_brand","embeddable":true,"href":"https:\/\/aharaspa.com\/index.php?rest_route=%2Fwp%2Fv2%2Fproduct_brand&post=1658"},{"taxonomy":"product_cat","embeddable":true,"href":"https:\/\/aharaspa.com\/index.php?rest_route=%2Fwp%2Fv2%2Fproduct_cat&post=1658"},{"taxonomy":"product_tag","embeddable":true,"href":"https:\/\/aharaspa.com\/index.php?rest_route=%2Fwp%2Fv2%2Fproduct_tag&post=1658"}],"curies":[{"name":"wp","href":"https:\/\/api.w.org\/{rel}","templated":true}]}}