








{"id":1723,"date":"2025-03-24T17:45:04","date_gmt":"2025-03-24T20:45:04","guid":{"rendered":"https:\/\/aharaspa.com\/?post_type=product&#038;p=1723"},"modified":"2026-01-02T15:19:23","modified_gmt":"2026-01-02T18:19:23","slug":"armonizacion-energetica","status":"publish","type":"product","link":"https:\/\/aharaspa.com\/?product=armonizacion-energetica","title":{"rendered":"Armonizaci\u00f3n Energ\u00e9tica"},"content":{"rendered":"<p>La Armonizaci\u00f3n Energ\u00e9tica es una terapia hol\u00edstica dise\u00f1ada para limpiar el campo energetico y restablecer el flujo natural de la energ\u00eda en los cuerpos. Mediante distintas t\u00e9cnicas como la imposici\u00f3n de manos, el uso de cristales y sahumos, esta sesi\u00f3n ayuda a liberar bloqueos, equilibrar los centros energ\u00e9ticos y potenciar el bienestar emocional y f\u00edsico.<\/p>\n<p>Beneficios de la Armonizaci\u00f3n Energ\u00e9tica:<\/p>\n<ul>\n<li>Limpieza del campo energetico y mental<\/li>\n<li>Equilibrio y alineaci\u00f3n de los centros energ\u00e9ticos<\/li>\n<li>Sensaci\u00f3n de calma, claridad y bienestar integral<\/li>\n<li>Reducci\u00f3n del estr\u00e9s y armonizaci\u00f3n de las emociones<\/li>\n<li>Mayor conexi\u00f3n con uno mismo y con la energ\u00eda vital<\/li>\n<\/ul>\n<p>Ideal para quienes buscan un momento de renovaci\u00f3n y conexi\u00f3n profunda, esta terapia es una invitaci\u00f3n a soltar lo que ya no sirve y dejar que la energ\u00eda fluya libremente. Permitite vibrar en armon\u00eda y sentir la paz en cada rinc\u00f3n de tu ser.<\/p>\n","protected":false},"excerpt":{"rendered":"<p>Limpia y Restaur\u00e1 tu campo energ\u00e9tico. A trav\u00e9s de t\u00e9cnicas sutiles, esta terapia disuelve bloqueos, alinea tu energ\u00eda y te envuelve en una profunda sensaci\u00f3n de paz y liviandad.<\/p>\n","protected":false},"featured_media":3184,"template":"","meta":{"_acf_changed":false},"product_brand":[],"product_cat":[77],"product_tag":[],"class_list":{"0":"post-1723","1":"product","2":"type-product","3":"status-publish","4":"has-post-thumbnail","6":"product_cat-terapias-holisticas","8":"first","9":"instock","10":"shipping-taxable","11":"purchasable","12":"product-type-variable"},"acf":[],"_links":{"self":[{"href":"https:\/\/aharaspa.com\/index.php?rest_route=\/wp\/v2\/product\/1723","targetHints":{"allow":["GET"]}}],"collection":[{"href":"https:\/\/aharaspa.com\/index.php?rest_route=\/wp\/v2\/product"}],"about":[{"href":"https:\/\/aharaspa.com\/index.php?rest_route=\/wp\/v2\/types\/product"}],"wp:featuredmedia":[{"embeddable":true,"href":"https:\/\/aharaspa.com\/index.php?rest_route=\/wp\/v2\/media\/3184"}],"wp:attachment":[{"href":"https:\/\/aharaspa.com\/index.php?rest_route=%2Fwp%2Fv2%2Fmedia&parent=1723"}],"wp:term":[{"taxonomy":"product_brand","embeddable":true,"href":"https:\/\/aharaspa.com\/index.php?rest_route=%2Fwp%2Fv2%2Fproduct_brand&post=1723"},{"taxonomy":"product_cat","embeddable":true,"href":"https:\/\/aharaspa.com\/index.php?rest_route=%2Fwp%2Fv2%2Fproduct_cat&post=1723"},{"taxonomy":"product_tag","embeddable":true,"href":"https:\/\/aharaspa.com\/index.php?rest_route=%2Fwp%2Fv2%2Fproduct_tag&post=1723"}],"curies":[{"name":"wp","href":"https:\/\/api.w.org\/{rel}","templated":true}]}}