








{"id":3585,"date":"2025-11-18T20:38:34","date_gmt":"2025-11-18T23:38:34","guid":{"rendered":"https:\/\/aharaspa.com\/?post_type=product&#038;p=3585"},"modified":"2026-01-03T20:42:35","modified_gmt":"2026-01-03T23:42:35","slug":"dia-spa-completo","status":"publish","type":"product","link":"https:\/\/aharaspa.com\/?product=dia-spa-completo","title":{"rendered":"D\u00eda Spa Completo"},"content":{"rendered":"<p>Disfruta una jornada de relax combinando nuestros masajes con el uso de las instalaciones del Argentino Hotel de Piriapolis. Tendr\u00e1n\u00a0 acceso a las piscinas climatizadas de agua de mar, los jardines y las reposeras.<\/p>\n<p>Incluye:<\/p>\n<ul>\n<li>Masaje a elecci\u00f3n con aromaterapia de 60 minutos<\/li>\n<li>Terapia a elecci\u00f3n de 60 minutos<\/li>\n<li>Lectura de Or\u00e1culo a elecci\u00f3n<\/li>\n<li>Libre acceso a las piscinas climatizadas y exteriores del Argentino Hotel<\/li>\n<li>Merienda completa en la Cafeter\u00eda del Hotel<\/li>\n<li>Incluye bata y toallas para la piscina<\/li>\n<\/ul>\n<p>&nbsp;<\/p>\n<p>Beneficios que vas a sentir:<\/p>\n<ul>\n<li>Alternancia de temperatura y relajaci\u00f3n profunda en las piscinas<\/li>\n<li>Liberaci\u00f3n de tensiones y estr\u00e9s, dejando espacio solo para el placer<\/li>\n<li>Estimulaci\u00f3n de la circulaci\u00f3n y revitalizaci\u00f3n de la energ\u00eda vital<\/li>\n<li>Equilibrio entre cuerpo, mente y alma<\/li>\n<li>Un viaje hacia el bienestar y la armon\u00eda<\/li>\n<\/ul>\n<p>&nbsp;<\/p>\n<p>Este D\u00eda de Spa es la oportunidad perfecta para reconectar y disfrutar de una jornada de paz<\/p>\n","protected":false},"excerpt":{"rendered":"<p>Dedica un d\u00eda a este ritual que va mucho m\u00e1s all\u00e1 de lo f\u00edsico. Es un viaje hacia el bienestar, que restaura el equilibrio interno, promoviendo una nueva forma de estar presente y conectado.<\/p>\n","protected":false},"featured_media":3686,"template":"","meta":{"_acf_changed":false},"product_brand":[],"product_cat":[84,81],"product_tag":[],"class_list":{"0":"post-3585","1":"product","2":"type-product","3":"status-publish","4":"has-post-thumbnail","6":"product_cat-experiencias","7":"product_cat-experiencias-ahara","9":"first","10":"instock","11":"shipping-taxable","12":"purchasable","13":"product-type-simple"},"acf":[],"_links":{"self":[{"href":"https:\/\/aharaspa.com\/index.php?rest_route=\/wp\/v2\/product\/3585","targetHints":{"allow":["GET"]}}],"collection":[{"href":"https:\/\/aharaspa.com\/index.php?rest_route=\/wp\/v2\/product"}],"about":[{"href":"https:\/\/aharaspa.com\/index.php?rest_route=\/wp\/v2\/types\/product"}],"wp:featuredmedia":[{"embeddable":true,"href":"https:\/\/aharaspa.com\/index.php?rest_route=\/wp\/v2\/media\/3686"}],"wp:attachment":[{"href":"https:\/\/aharaspa.com\/index.php?rest_route=%2Fwp%2Fv2%2Fmedia&parent=3585"}],"wp:term":[{"taxonomy":"product_brand","embeddable":true,"href":"https:\/\/aharaspa.com\/index.php?rest_route=%2Fwp%2Fv2%2Fproduct_brand&post=3585"},{"taxonomy":"product_cat","embeddable":true,"href":"https:\/\/aharaspa.com\/index.php?rest_route=%2Fwp%2Fv2%2Fproduct_cat&post=3585"},{"taxonomy":"product_tag","embeddable":true,"href":"https:\/\/aharaspa.com\/index.php?rest_route=%2Fwp%2Fv2%2Fproduct_tag&post=3585"}],"curies":[{"name":"wp","href":"https:\/\/api.w.org\/{rel}","templated":true}]}}